{"id":3576,"date":"2026-06-16T17:40:26","date_gmt":"2026-06-16T15:40:26","guid":{"rendered":"https:\/\/vogliedisicilia.it\/?post_type=product&#038;p=3576"},"modified":"2026-06-16T18:50:26","modified_gmt":"2026-06-16T16:50:26","slug":"secchiello-olive-verdi-per-aperitivo-intere","status":"publish","type":"product","link":"https:\/\/vogliedisicilia.it\/de\/prodotto\/secchiello-olive-verdi-per-aperitivo-intere\/","title":{"rendered":"Eimer mit ganzen gr\u00fcnen Oliven f\u00fcr den Aperitif"},"content":{"rendered":"<p><span style=\"font-weight: 400;\">Le olive verdi per aperitivo intere Voglie di Sicilia provengono da rigogliosi uliveti di Castelvetrano, dove si coltiva l\u2019eccellenza della <\/span><b>Nocellara del Belice<\/b><span style=\"font-weight: 400;\">. Wir arbeiten mit Verfahren, die die au\u00dfergew\u00f6hnliche Knusprigkeit bewahren und ein frisches Produkt mit ausgewogenem Geschmack gew\u00e4hrleisten.<\/span><\/p>\n<p><span style=\"font-weight: 400;\">Sie eignen sich perfekt als Beilage zu Getr\u00e4nken und Vorspeisen oder zur Verfeinerung von Salaten und mediterranen Gerichten und sind ein unverzichtbarer Klassiker der sizilianischen Tradition.<\/span><\/p>","protected":false},"excerpt":{"rendered":"<p><b>Olive verdi per aperitivo intere di alta qualit\u00e0<\/b><span style=\"font-weight: 400;\">, die wahren Stars des Aperitifs, werden sorgf\u00e4ltig ausgew\u00e4hlt und so gelagert, dass sie ihre volle Frische und ihr knackiges Fruchtfleisch behalten. Sie sind die unverzichtbare Zutat f\u00fcr Cocktails und besondere Vorspeisen.\u00a0\u00a0<\/span><\/p>\n<ul>\n<li><span style=\"font-weight: 400;\"> Ausgew\u00e4hlte Nocellara-del-Belice-Oliven erster Wahl\u00a0\u00a0<\/span><\/li>\n<li><span style=\"font-weight: 400;\"> Ausgewogener, frischer und w\u00fcrziger Geschmack\u00a0\u00a0<\/span><\/li>\n<li><span style=\"font-weight: 400;\"> Hergestellt vom Landwirtschaftsbetrieb Fratelli Milazzo in Castelvetrano, vertrieben von Voglie di Sicilia<\/span><\/li>\n<\/ul>","protected":false},"featured_media":3572,"template":"","meta":[],"product_brand":[],"product_cat":[72],"product_tag":[],"class_list":{"0":"post-3576","1":"product","2":"type-product","3":"status-publish","4":"has-post-thumbnail","6":"product_cat-olive","8":"first","9":"instock","10":"shipping-taxable","11":"purchasable","12":"product-type-variable"},"yoast_head":"<!-- This site is optimized with the Yoast SEO plugin v28.4 - https:\/\/yoast.com\/product\/yoast-seo-wordpress\/ -->\n<title>Secchiello olive verdi per aperitivo intere | Voglie di Sicilia<\/title>\n<meta name=\"description\" content=\"Secchiello olive verdi per aperitivo denocciolate Nocellara del Belice, perfette per aperitivi e ricette mediterranee.\" \/>\n<meta name=\"robots\" content=\"index, follow, max-snippet:-1, max-image-preview:large, max-video-preview:-1\" \/>\n<link rel=\"canonical\" href=\"https:\/\/vogliedisicilia.it\/de\/product\/secchiello-olive-verdi-per-aperitivo-intere\/\" \/>\n<meta property=\"og:locale\" content=\"de_DE\" \/>\n<meta property=\"og:type\" content=\"article\" \/>\n<meta property=\"og:title\" content=\"Secchiello olive verdi per aperitivo intere | Voglie di Sicilia\" \/>\n<meta property=\"og:description\" content=\"Secchiello olive verdi per aperitivo denocciolate Nocellara del Belice, perfette per aperitivi e ricette mediterranee.\" \/>\n<meta property=\"og:url\" content=\"https:\/\/vogliedisicilia.it\/de\/product\/secchiello-olive-verdi-per-aperitivo-intere\/\" \/>\n<meta property=\"og:site_name\" content=\"Voglie di Sicilia\" \/>\n<meta property=\"article:modified_time\" content=\"2026-06-16T16:50:26+00:00\" \/>\n<meta property=\"og:image\" content=\"https:\/\/vogliedisicilia.it\/wp-content\/uploads\/2026\/06\/secchiello-olive-verdi-aperitivo-intere.webp\" \/>\n\t<meta property=\"og:image:width\" content=\"1080\" \/>\n\t<meta property=\"og:image:height\" content=\"1080\" \/>\n\t<meta property=\"og:image:type\" content=\"image\/webp\" \/>\n<meta name=\"twitter:card\" content=\"summary_large_image\" \/>\n<meta name=\"twitter:label1\" content=\"Gesch\u00e4tzte Lesezeit\" \/>\n\t<meta name=\"twitter:data1\" content=\"1\u00a0Minute\" \/>\n<script type=\"application\/ld+json\" class=\"yoast-schema-graph\">{\"@context\":\"https:\\\/\\\/schema.org\",\"@graph\":[{\"@type\":\"WebPage\",\"@id\":\"https:\\\/\\\/vogliedisicilia.it\\\/prodotto\\\/secchiello-olive-verdi-per-aperitivo-intere\\\/\",\"url\":\"https:\\\/\\\/vogliedisicilia.it\\\/prodotto\\\/secchiello-olive-verdi-per-aperitivo-intere\\\/\",\"name\":\"Secchiello olive verdi per aperitivo intere | Voglie di Sicilia\",\"isPartOf\":{\"@id\":\"https:\\\/\\\/vogliedisicilia.it\\\/#website\"},\"primaryImageOfPage\":{\"@id\":\"https:\\\/\\\/vogliedisicilia.it\\\/prodotto\\\/secchiello-olive-verdi-per-aperitivo-intere\\\/#primaryimage\"},\"image\":{\"@id\":\"https:\\\/\\\/vogliedisicilia.it\\\/prodotto\\\/secchiello-olive-verdi-per-aperitivo-intere\\\/#primaryimage\"},\"thumbnailUrl\":\"https:\\\/\\\/vogliedisicilia.it\\\/wp-content\\\/uploads\\\/2026\\\/06\\\/secchiello-olive-verdi-aperitivo-intere.webp\",\"datePublished\":\"2026-06-16T15:40:26+00:00\",\"dateModified\":\"2026-06-16T16:50:26+00:00\",\"description\":\"Secchiello olive verdi per aperitivo denocciolate Nocellara del Belice, perfette per aperitivi e ricette mediterranee.\",\"breadcrumb\":{\"@id\":\"https:\\\/\\\/vogliedisicilia.it\\\/prodotto\\\/secchiello-olive-verdi-per-aperitivo-intere\\\/#breadcrumb\"},\"inLanguage\":\"de\",\"potentialAction\":[{\"@type\":\"ReadAction\",\"target\":[\"https:\\\/\\\/vogliedisicilia.it\\\/prodotto\\\/secchiello-olive-verdi-per-aperitivo-intere\\\/\"]}]},{\"@type\":\"ImageObject\",\"inLanguage\":\"de\",\"@id\":\"https:\\\/\\\/vogliedisicilia.it\\\/prodotto\\\/secchiello-olive-verdi-per-aperitivo-intere\\\/#primaryimage\",\"url\":\"https:\\\/\\\/vogliedisicilia.it\\\/wp-content\\\/uploads\\\/2026\\\/06\\\/secchiello-olive-verdi-aperitivo-intere.webp\",\"contentUrl\":\"https:\\\/\\\/vogliedisicilia.it\\\/wp-content\\\/uploads\\\/2026\\\/06\\\/secchiello-olive-verdi-aperitivo-intere.webp\",\"width\":1080,\"height\":1080},{\"@type\":\"BreadcrumbList\",\"@id\":\"https:\\\/\\\/vogliedisicilia.it\\\/prodotto\\\/secchiello-olive-verdi-per-aperitivo-intere\\\/#breadcrumb\",\"itemListElement\":[{\"@type\":\"ListItem\",\"position\":1,\"name\":\"Home\",\"item\":\"https:\\\/\\\/vogliedisicilia.it\\\/\"},{\"@type\":\"ListItem\",\"position\":2,\"name\":\"Shop\",\"item\":\"https:\\\/\\\/vogliedisicilia.it\\\/shop\\\/\"},{\"@type\":\"ListItem\",\"position\":3,\"name\":\"Secchiello olive verdi per aperitivo intere\"}]},{\"@type\":\"WebSite\",\"@id\":\"https:\\\/\\\/vogliedisicilia.it\\\/#website\",\"url\":\"https:\\\/\\\/vogliedisicilia.it\\\/\",\"name\":\"Voglie di Sicilia\",\"description\":\"Vendita Online Olio Extra Vergine Oliva e Prodotti Tipici Siciliani\",\"publisher\":{\"@id\":\"https:\\\/\\\/vogliedisicilia.it\\\/#organization\"},\"potentialAction\":[{\"@type\":\"SearchAction\",\"target\":{\"@type\":\"EntryPoint\",\"urlTemplate\":\"https:\\\/\\\/vogliedisicilia.it\\\/?s={search_term_string}\"},\"query-input\":{\"@type\":\"PropertyValueSpecification\",\"valueRequired\":true,\"valueName\":\"search_term_string\"}}],\"inLanguage\":\"de\"},{\"@type\":\"Organization\",\"@id\":\"https:\\\/\\\/vogliedisicilia.it\\\/#organization\",\"name\":\"Voglie di Sicilia\",\"url\":\"https:\\\/\\\/vogliedisicilia.it\\\/\",\"logo\":{\"@type\":\"ImageObject\",\"inLanguage\":\"de\",\"@id\":\"https:\\\/\\\/vogliedisicilia.it\\\/#\\\/schema\\\/logo\\\/image\\\/\",\"url\":\"https:\\\/\\\/vogliedisicilia.it\\\/wp-content\\\/uploads\\\/2026\\\/05\\\/yoast.png\",\"contentUrl\":\"https:\\\/\\\/vogliedisicilia.it\\\/wp-content\\\/uploads\\\/2026\\\/05\\\/yoast.png\",\"width\":1200,\"height\":675,\"caption\":\"Voglie di Sicilia\"},\"image\":{\"@id\":\"https:\\\/\\\/vogliedisicilia.it\\\/#\\\/schema\\\/logo\\\/image\\\/\"}}]}<\/script>\n<!-- \/ Yoast SEO plugin. -->","yoast_head_json":{"title":"Secchiello olive verdi per aperitivo intere | Voglie di Sicilia","description":"Eimer mit entkernten gr\u00fcnen Oliven der Sorte \u201eNocellara del Belice\u201c \u2013 ideal f\u00fcr Aperitifs und mediterrane Gerichte.","robots":{"index":"index","follow":"follow","max-snippet":"max-snippet:-1","max-image-preview":"max-image-preview:large","max-video-preview":"max-video-preview:-1"},"canonical":"https:\/\/vogliedisicilia.it\/de\/product\/secchiello-olive-verdi-per-aperitivo-intere\/","og_locale":"de_DE","og_type":"article","og_title":"Secchiello olive verdi per aperitivo intere | Voglie di Sicilia","og_description":"Secchiello olive verdi per aperitivo denocciolate Nocellara del Belice, perfette per aperitivi e ricette mediterranee.","og_url":"https:\/\/vogliedisicilia.it\/de\/product\/secchiello-olive-verdi-per-aperitivo-intere\/","og_site_name":"Voglie di Sicilia","article_modified_time":"2026-06-16T16:50:26+00:00","og_image":[{"width":1080,"height":1080,"url":"https:\/\/vogliedisicilia.it\/wp-content\/uploads\/2026\/06\/secchiello-olive-verdi-aperitivo-intere.webp","type":"image\/webp"}],"twitter_card":"summary_large_image","twitter_misc":{"Gesch\u00e4tzte Lesezeit":"1\u00a0Minute"},"schema":{"@context":"https:\/\/schema.org","@graph":[{"@type":"WebPage","@id":"https:\/\/vogliedisicilia.it\/prodotto\/secchiello-olive-verdi-per-aperitivo-intere\/","url":"https:\/\/vogliedisicilia.it\/prodotto\/secchiello-olive-verdi-per-aperitivo-intere\/","name":"Secchiello olive verdi per aperitivo intere | Voglie di Sicilia","isPartOf":{"@id":"https:\/\/vogliedisicilia.it\/#website"},"primaryImageOfPage":{"@id":"https:\/\/vogliedisicilia.it\/prodotto\/secchiello-olive-verdi-per-aperitivo-intere\/#primaryimage"},"image":{"@id":"https:\/\/vogliedisicilia.it\/prodotto\/secchiello-olive-verdi-per-aperitivo-intere\/#primaryimage"},"thumbnailUrl":"https:\/\/vogliedisicilia.it\/wp-content\/uploads\/2026\/06\/secchiello-olive-verdi-aperitivo-intere.webp","datePublished":"2026-06-16T15:40:26+00:00","dateModified":"2026-06-16T16:50:26+00:00","description":"Eimer mit entkernten gr\u00fcnen Oliven der Sorte \u201eNocellara del Belice\u201c \u2013 ideal f\u00fcr Aperitifs und mediterrane Gerichte.","breadcrumb":{"@id":"https:\/\/vogliedisicilia.it\/prodotto\/secchiello-olive-verdi-per-aperitivo-intere\/#breadcrumb"},"inLanguage":"de","potentialAction":[{"@type":"ReadAction","target":["https:\/\/vogliedisicilia.it\/prodotto\/secchiello-olive-verdi-per-aperitivo-intere\/"]}]},{"@type":"ImageObject","inLanguage":"de","@id":"https:\/\/vogliedisicilia.it\/prodotto\/secchiello-olive-verdi-per-aperitivo-intere\/#primaryimage","url":"https:\/\/vogliedisicilia.it\/wp-content\/uploads\/2026\/06\/secchiello-olive-verdi-aperitivo-intere.webp","contentUrl":"https:\/\/vogliedisicilia.it\/wp-content\/uploads\/2026\/06\/secchiello-olive-verdi-aperitivo-intere.webp","width":1080,"height":1080},{"@type":"BreadcrumbList","@id":"https:\/\/vogliedisicilia.it\/prodotto\/secchiello-olive-verdi-per-aperitivo-intere\/#breadcrumb","itemListElement":[{"@type":"ListItem","position":1,"name":"Home","item":"https:\/\/vogliedisicilia.it\/"},{"@type":"ListItem","position":2,"name":"Shop","item":"https:\/\/vogliedisicilia.it\/shop\/"},{"@type":"ListItem","position":3,"name":"Secchiello olive verdi per aperitivo intere"}]},{"@type":"WebSite","@id":"https:\/\/vogliedisicilia.it\/#website","url":"https:\/\/vogliedisicilia.it\/","name":"W\u00fcnsche von Sizilien","description":"Online-Verkauf von Nativem Oliven\u00f6l Extra und typisch sizilianischen Produkten","publisher":{"@id":"https:\/\/vogliedisicilia.it\/#organization"},"potentialAction":[{"@type":"SearchAction","target":{"@type":"EntryPoint","urlTemplate":"https:\/\/vogliedisicilia.it\/?s={search_term_string}"},"query-input":{"@type":"PropertyValueSpecification","valueRequired":true,"valueName":"search_term_string"}}],"inLanguage":"de"},{"@type":"Organization","@id":"https:\/\/vogliedisicilia.it\/#organization","name":"W\u00fcnsche von Sizilien","url":"https:\/\/vogliedisicilia.it\/","logo":{"@type":"ImageObject","inLanguage":"de","@id":"https:\/\/vogliedisicilia.it\/#\/schema\/logo\/image\/","url":"https:\/\/vogliedisicilia.it\/wp-content\/uploads\/2026\/05\/yoast.png","contentUrl":"https:\/\/vogliedisicilia.it\/wp-content\/uploads\/2026\/05\/yoast.png","width":1200,"height":675,"caption":"Voglie di Sicilia"},"image":{"@id":"https:\/\/vogliedisicilia.it\/#\/schema\/logo\/image\/"}}]}},"_links":{"self":[{"href":"https:\/\/vogliedisicilia.it\/de\/wp-json\/wp\/v2\/product\/3576","targetHints":{"allow":["GET"]}}],"collection":[{"href":"https:\/\/vogliedisicilia.it\/de\/wp-json\/wp\/v2\/product"}],"about":[{"href":"https:\/\/vogliedisicilia.it\/de\/wp-json\/wp\/v2\/types\/product"}],"wp:featuredmedia":[{"embeddable":true,"href":"https:\/\/vogliedisicilia.it\/de\/wp-json\/wp\/v2\/media\/3572"}],"wp:attachment":[{"href":"https:\/\/vogliedisicilia.it\/de\/wp-json\/wp\/v2\/media?parent=3576"}],"wp:term":[{"taxonomy":"product_brand","embeddable":true,"href":"https:\/\/vogliedisicilia.it\/de\/wp-json\/wp\/v2\/product_brand?post=3576"},{"taxonomy":"product_cat","embeddable":true,"href":"https:\/\/vogliedisicilia.it\/de\/wp-json\/wp\/v2\/product_cat?post=3576"},{"taxonomy":"product_tag","embeddable":true,"href":"https:\/\/vogliedisicilia.it\/de\/wp-json\/wp\/v2\/product_tag?post=3576"}],"curies":[{"name":"wp","href":"https:\/\/api.w.org\/{rel}","templated":true}]}}

Eimer mit ganzen grünen Oliven für den Aperitif

<p><span style="font-weight: 400;">Le olive verdi per aperitivo intere Voglie di Sicilia provengono da rigogliosi uliveti di Castelvetrano, dove si coltiva l’eccellenza della </span><b>Nocellara del Belice</b><span style="font-weight: 400;">. Wir arbeiten mit Verfahren, die die außergewöhnliche Knusprigkeit bewahren und ein frisches Produkt mit ausgewogenem Geschmack gewährleisten.</span></p>
<p><span style="font-weight: 400;">Sie eignen sich perfekt als Beilage zu Getränken und Vorspeisen oder zur Verfeinerung von Salaten und mediterranen Gerichten und sind ein unverzichtbarer Klassiker der sizilianischen Tradition.</span></p>

<p><b>Olive verdi per aperitivo intere di alta qualità</b><span style="font-weight: 400;">, die wahren Stars des Aperitifs, werden sorgfältig ausgewählt und so gelagert, dass sie ihre volle Frische und ihr knackiges Fruchtfleisch behalten. Sie sind die unverzichtbare Zutat für Cocktails und besondere Vorspeisen.  </span></p>
<ul>
<li><span style="font-weight: 400;"> Ausgewählte Nocellara-del-Belice-Oliven erster Wahl  </span></li>
<li><span style="font-weight: 400;"> Ausgewogener, frischer und würziger Geschmack  </span></li>
<li><span style="font-weight: 400;"> Hergestellt vom Landwirtschaftsbetrieb Fratelli Milazzo in Castelvetrano, vertrieben von Voglie di Sicilia</span></li>
</ul>

<!-- This site is optimized with the Yoast SEO plugin v28.4 - https://yoast.com/product/yoast-seo-wordpress/ -->
<title>Secchiello olive verdi per aperitivo intere | Voglie di Sicilia</title>
<meta name="description" content="Secchiello olive verdi per aperitivo denocciolate Nocellara del Belice, perfette per aperitivi e ricette mediterranee." />
<meta name="robots" content="index, follow, max-snippet:-1, max-image-preview:large, max-video-preview:-1" />
<link rel="canonical" href="https://vogliedisicilia.it/de/product/secchiello-olive-verdi-per-aperitivo-intere/" />
<meta property="og:locale" content="de_DE" />
<meta property="og:type" content="article" />
<meta property="og:title" content="Secchiello olive verdi per aperitivo intere | Voglie di Sicilia" />
<meta property="og:description" content="Secchiello olive verdi per aperitivo denocciolate Nocellara del Belice, perfette per aperitivi e ricette mediterranee." />
<meta property="og:url" content="https://vogliedisicilia.it/de/product/secchiello-olive-verdi-per-aperitivo-intere/" />
<meta property="og:site_name" content="Voglie di Sicilia" />
<meta property="article:modified_time" content="2026-06-16T16:50:26+00:00" />
<meta property="og:image" content="https://vogliedisicilia.it/wp-content/uploads/2026/06/secchiello-olive-verdi-aperitivo-intere.webp" />
	<meta property="og:image:width" content="1080" />
	<meta property="og:image:height" content="1080" />
	<meta property="og:image:type" content="image/webp" />
<meta name="twitter:card" content="summary_large_image" />
<meta name="twitter:label1" content="Geschätzte Lesezeit" />
	<meta name="twitter:data1" content="1 Minute" />
<script type="application/ld+json" class="yoast-schema-graph">{"@context":"https:\/\/schema.org","@graph":[{"@type":"WebPage","@id":"https:\/\/vogliedisicilia.it\/prodotto\/secchiello-olive-verdi-per-aperitivo-intere\/","url":"https:\/\/vogliedisicilia.it\/prodotto\/secchiello-olive-verdi-per-aperitivo-intere\/","name":"Secchiello olive verdi per aperitivo intere | Voglie di Sicilia","isPartOf":{"@id":"https:\/\/vogliedisicilia.it\/#website"},"primaryImageOfPage":{"@id":"https:\/\/vogliedisicilia.it\/prodotto\/secchiello-olive-verdi-per-aperitivo-intere\/#primaryimage"},"image":{"@id":"https:\/\/vogliedisicilia.it\/prodotto\/secchiello-olive-verdi-per-aperitivo-intere\/#primaryimage"},"thumbnailUrl":"https:\/\/vogliedisicilia.it\/wp-content\/uploads\/2026\/06\/secchiello-olive-verdi-aperitivo-intere.webp","datePublished":"2026-06-16T15:40:26+00:00","dateModified":"2026-06-16T16:50:26+00:00","description":"Secchiello olive verdi per aperitivo denocciolate Nocellara del Belice, perfette per aperitivi e ricette mediterranee.","breadcrumb":{"@id":"https:\/\/vogliedisicilia.it\/prodotto\/secchiello-olive-verdi-per-aperitivo-intere\/#breadcrumb"},"inLanguage":"de","potentialAction":[{"@type":"ReadAction","target":["https:\/\/vogliedisicilia.it\/prodotto\/secchiello-olive-verdi-per-aperitivo-intere\/"]}]},{"@type":"ImageObject","inLanguage":"de","@id":"https:\/\/vogliedisicilia.it\/prodotto\/secchiello-olive-verdi-per-aperitivo-intere\/#primaryimage","url":"https:\/\/vogliedisicilia.it\/wp-content\/uploads\/2026\/06\/secchiello-olive-verdi-aperitivo-intere.webp","contentUrl":"https:\/\/vogliedisicilia.it\/wp-content\/uploads\/2026\/06\/secchiello-olive-verdi-aperitivo-intere.webp","width":1080,"height":1080},{"@type":"BreadcrumbList","@id":"https:\/\/vogliedisicilia.it\/prodotto\/secchiello-olive-verdi-per-aperitivo-intere\/#breadcrumb","itemListElement":[{"@type":"ListItem","position":1,"name":"Home","item":"https:\/\/vogliedisicilia.it\/"},{"@type":"ListItem","position":2,"name":"Shop","item":"https:\/\/vogliedisicilia.it\/shop\/"},{"@type":"ListItem","position":3,"name":"Secchiello olive verdi per aperitivo intere"}]},{"@type":"WebSite","@id":"https:\/\/vogliedisicilia.it\/#website","url":"https:\/\/vogliedisicilia.it\/","name":"Voglie di Sicilia","description":"Vendita Online Olio Extra Vergine Oliva e Prodotti Tipici Siciliani","publisher":{"@id":"https:\/\/vogliedisicilia.it\/#organization"},"potentialAction":[{"@type":"SearchAction","target":{"@type":"EntryPoint","urlTemplate":"https:\/\/vogliedisicilia.it\/?s={search_term_string}"},"query-input":{"@type":"PropertyValueSpecification","valueRequired":true,"valueName":"search_term_string"}}],"inLanguage":"de"},{"@type":"Organization","@id":"https:\/\/vogliedisicilia.it\/#organization","name":"Voglie di Sicilia","url":"https:\/\/vogliedisicilia.it\/","logo":{"@type":"ImageObject","inLanguage":"de","@id":"https:\/\/vogliedisicilia.it\/#\/schema\/logo\/image\/","url":"https:\/\/vogliedisicilia.it\/wp-content\/uploads\/2026\/05\/yoast.png","contentUrl":"https:\/\/vogliedisicilia.it\/wp-content\/uploads\/2026\/05\/yoast.png","width":1200,"height":675,"caption":"Voglie di Sicilia"},"image":{"@id":"https:\/\/vogliedisicilia.it\/#\/schema\/logo\/image\/"}}]}</script>
<!-- / Yoast SEO plugin. -->

Eimer mit entkernten grünen Oliven der Sorte „Nocellara del Belice“ – ideal für Aperitifs und mediterrane Gerichte.

Wünsche von Sizilien

Online-Verkauf von Nativem Olivenöl Extra und typisch sizilianischen Produkten
