{"id":3576,"date":"2026-06-16T17:40:26","date_gmt":"2026-06-16T15:40:26","guid":{"rendered":"https:\/\/vogliedisicilia.it\/?post_type=product&#038;p=3576"},"modified":"2026-06-16T18:50:26","modified_gmt":"2026-06-16T16:50:26","slug":"petit-seau-dolives-vertes-entieres-pour-laperitif","status":"publish","type":"product","link":"https:\/\/vogliedisicilia.it\/fr\/prodotto\/secchiello-olive-verdi-per-aperitivo-intere\/","title":{"rendered":"Seau d'olives vertes enti\u00e8res pour l'ap\u00e9ritif"},"content":{"rendered":"<p><span style=\"font-weight: 400;\">Les olives vertes enti\u00e8res \u00ab Voglie di Sicilia \u00bb, destin\u00e9es \u00e0 l'ap\u00e9ritif, proviennent des oliveraies luxuriantes de Castelvetrano, o\u00f9 l'on cultive l'excellence de la <\/span><b>Nocellara del Belice<\/b><span style=\"font-weight: 400;\">. Nous utilisons des m\u00e9thodes qui pr\u00e9servent leur croustillant exceptionnel et qui  garantissent un produit frais au go\u00fbt \u00e9quilibr\u00e9.<\/span><\/p>\n<p><span style=\"font-weight: 400;\">Parfaites pour accompagner des boissons, des hors-d'\u0153uvre ou pour agr\u00e9menter des salades et des plats m\u00e9diterran\u00e9ens, elles constituent un classique incontournable de la tradition sicilienne.<\/span><\/p>","protected":false},"excerpt":{"rendered":"<p><b>Olives vertes enti\u00e8res de grande qualit\u00e9 pour l'ap\u00e9ritif<\/b><span style=\"font-weight: 400;\">, v\u00e9ritables vedettes de l'ap\u00e9ritif, sont s\u00e9lectionn\u00e9es et conserv\u00e9es de mani\u00e8re \u00e0 pr\u00e9server toute leur fra\u00eecheur et leur chair croquante. Elles constituent l'ingr\u00e9dient indispensable des cocktails et des hors-d'\u0153uvre d'exception.\u00a0\u00a0<\/span><\/p>\n<ul>\n<li><span style=\"font-weight: 400;\"> S\u00e9lection d'olives Nocellara del Belice de premier choix\u00a0\u00a0<\/span><\/li>\n<li><span style=\"font-weight: 400;\"> Un go\u00fbt \u00e9quilibr\u00e9, frais et savoureux\u00a0\u00a0<\/span><\/li>\n<li><span style=\"font-weight: 400;\"> Produit par l'exploitation agricole Fratelli Milazzo de Castelvetrano, distribu\u00e9 par Voglie di Sicilia<\/span><\/li>\n<\/ul>","protected":false},"featured_media":3572,"template":"","meta":[],"product_brand":[],"product_cat":[72],"product_tag":[],"class_list":{"0":"post-3576","1":"product","2":"type-product","3":"status-publish","4":"has-post-thumbnail","6":"product_cat-olive","8":"first","9":"instock","10":"shipping-taxable","11":"purchasable","12":"product-type-variable"},"yoast_head":"<!-- This site is optimized with the Yoast SEO plugin v28.4 - https:\/\/yoast.com\/product\/yoast-seo-wordpress\/ -->\n<title>Secchiello olive verdi per aperitivo intere | Voglie di Sicilia<\/title>\n<meta name=\"description\" content=\"Secchiello olive verdi per aperitivo denocciolate Nocellara del Belice, perfette per aperitivi e ricette mediterranee.\" \/>\n<meta name=\"robots\" content=\"index, follow, max-snippet:-1, max-image-preview:large, max-video-preview:-1\" \/>\n<link rel=\"canonical\" href=\"https:\/\/vogliedisicilia.it\/fr\/product\/petit-seau-dolives-vertes-entieres-pour-laperitif\/\" \/>\n<meta property=\"og:locale\" content=\"fr_FR\" \/>\n<meta property=\"og:type\" content=\"article\" \/>\n<meta property=\"og:title\" content=\"Secchiello olive verdi per aperitivo intere | Voglie di Sicilia\" \/>\n<meta property=\"og:description\" content=\"Secchiello olive verdi per aperitivo denocciolate Nocellara del Belice, perfette per aperitivi e ricette mediterranee.\" \/>\n<meta property=\"og:url\" content=\"https:\/\/vogliedisicilia.it\/fr\/product\/petit-seau-dolives-vertes-entieres-pour-laperitif\/\" \/>\n<meta property=\"og:site_name\" content=\"Voglie di Sicilia\" \/>\n<meta property=\"article:modified_time\" content=\"2026-06-16T16:50:26+00:00\" \/>\n<meta property=\"og:image\" content=\"https:\/\/vogliedisicilia.it\/wp-content\/uploads\/2026\/06\/secchiello-olive-verdi-aperitivo-intere.webp\" \/>\n\t<meta property=\"og:image:width\" content=\"1080\" \/>\n\t<meta property=\"og:image:height\" content=\"1080\" \/>\n\t<meta property=\"og:image:type\" content=\"image\/webp\" \/>\n<meta name=\"twitter:card\" content=\"summary_large_image\" \/>\n<meta name=\"twitter:label1\" content=\"Dur\u00e9e de lecture estim\u00e9e\" \/>\n\t<meta name=\"twitter:data1\" content=\"1 minute\" \/>\n<script type=\"application\/ld+json\" class=\"yoast-schema-graph\">{\"@context\":\"https:\\\/\\\/schema.org\",\"@graph\":[{\"@type\":\"WebPage\",\"@id\":\"https:\\\/\\\/vogliedisicilia.it\\\/prodotto\\\/secchiello-olive-verdi-per-aperitivo-intere\\\/\",\"url\":\"https:\\\/\\\/vogliedisicilia.it\\\/prodotto\\\/secchiello-olive-verdi-per-aperitivo-intere\\\/\",\"name\":\"Secchiello olive verdi per aperitivo intere | Voglie di Sicilia\",\"isPartOf\":{\"@id\":\"https:\\\/\\\/vogliedisicilia.it\\\/#website\"},\"primaryImageOfPage\":{\"@id\":\"https:\\\/\\\/vogliedisicilia.it\\\/prodotto\\\/secchiello-olive-verdi-per-aperitivo-intere\\\/#primaryimage\"},\"image\":{\"@id\":\"https:\\\/\\\/vogliedisicilia.it\\\/prodotto\\\/secchiello-olive-verdi-per-aperitivo-intere\\\/#primaryimage\"},\"thumbnailUrl\":\"https:\\\/\\\/vogliedisicilia.it\\\/wp-content\\\/uploads\\\/2026\\\/06\\\/secchiello-olive-verdi-aperitivo-intere.webp\",\"datePublished\":\"2026-06-16T15:40:26+00:00\",\"dateModified\":\"2026-06-16T16:50:26+00:00\",\"description\":\"Secchiello olive verdi per aperitivo denocciolate Nocellara del Belice, perfette per aperitivi e ricette mediterranee.\",\"breadcrumb\":{\"@id\":\"https:\\\/\\\/vogliedisicilia.it\\\/prodotto\\\/secchiello-olive-verdi-per-aperitivo-intere\\\/#breadcrumb\"},\"inLanguage\":\"fr-FR\",\"potentialAction\":[{\"@type\":\"ReadAction\",\"target\":[\"https:\\\/\\\/vogliedisicilia.it\\\/prodotto\\\/secchiello-olive-verdi-per-aperitivo-intere\\\/\"]}]},{\"@type\":\"ImageObject\",\"inLanguage\":\"fr-FR\",\"@id\":\"https:\\\/\\\/vogliedisicilia.it\\\/prodotto\\\/secchiello-olive-verdi-per-aperitivo-intere\\\/#primaryimage\",\"url\":\"https:\\\/\\\/vogliedisicilia.it\\\/wp-content\\\/uploads\\\/2026\\\/06\\\/secchiello-olive-verdi-aperitivo-intere.webp\",\"contentUrl\":\"https:\\\/\\\/vogliedisicilia.it\\\/wp-content\\\/uploads\\\/2026\\\/06\\\/secchiello-olive-verdi-aperitivo-intere.webp\",\"width\":1080,\"height\":1080},{\"@type\":\"BreadcrumbList\",\"@id\":\"https:\\\/\\\/vogliedisicilia.it\\\/prodotto\\\/secchiello-olive-verdi-per-aperitivo-intere\\\/#breadcrumb\",\"itemListElement\":[{\"@type\":\"ListItem\",\"position\":1,\"name\":\"Home\",\"item\":\"https:\\\/\\\/vogliedisicilia.it\\\/\"},{\"@type\":\"ListItem\",\"position\":2,\"name\":\"Shop\",\"item\":\"https:\\\/\\\/vogliedisicilia.it\\\/shop\\\/\"},{\"@type\":\"ListItem\",\"position\":3,\"name\":\"Secchiello olive verdi per aperitivo intere\"}]},{\"@type\":\"WebSite\",\"@id\":\"https:\\\/\\\/vogliedisicilia.it\\\/#website\",\"url\":\"https:\\\/\\\/vogliedisicilia.it\\\/\",\"name\":\"Voglie di Sicilia\",\"description\":\"Vendita Online Olio Extra Vergine Oliva e Prodotti Tipici Siciliani\",\"publisher\":{\"@id\":\"https:\\\/\\\/vogliedisicilia.it\\\/#organization\"},\"potentialAction\":[{\"@type\":\"SearchAction\",\"target\":{\"@type\":\"EntryPoint\",\"urlTemplate\":\"https:\\\/\\\/vogliedisicilia.it\\\/?s={search_term_string}\"},\"query-input\":{\"@type\":\"PropertyValueSpecification\",\"valueRequired\":true,\"valueName\":\"search_term_string\"}}],\"inLanguage\":\"fr-FR\"},{\"@type\":\"Organization\",\"@id\":\"https:\\\/\\\/vogliedisicilia.it\\\/#organization\",\"name\":\"Voglie di Sicilia\",\"url\":\"https:\\\/\\\/vogliedisicilia.it\\\/\",\"logo\":{\"@type\":\"ImageObject\",\"inLanguage\":\"fr-FR\",\"@id\":\"https:\\\/\\\/vogliedisicilia.it\\\/#\\\/schema\\\/logo\\\/image\\\/\",\"url\":\"https:\\\/\\\/vogliedisicilia.it\\\/wp-content\\\/uploads\\\/2026\\\/05\\\/yoast.png\",\"contentUrl\":\"https:\\\/\\\/vogliedisicilia.it\\\/wp-content\\\/uploads\\\/2026\\\/05\\\/yoast.png\",\"width\":1200,\"height\":675,\"caption\":\"Voglie di Sicilia\"},\"image\":{\"@id\":\"https:\\\/\\\/vogliedisicilia.it\\\/#\\\/schema\\\/logo\\\/image\\\/\"}}]}<\/script>\n<!-- \/ Yoast SEO plugin. -->","yoast_head_json":{"title":"Seau d'olives vertes enti\u00e8res pour l'ap\u00e9ritif | Voglie di Sicilia","description":"Petit seau d'olives vertes d\u00e9noyaut\u00e9es \u00ab Nocellara del Belice \u00bb, id\u00e9ales pour l'ap\u00e9ritif et les recettes m\u00e9diterran\u00e9ennes.","robots":{"index":"index","follow":"follow","max-snippet":"max-snippet:-1","max-image-preview":"max-image-preview:large","max-video-preview":"max-video-preview:-1"},"canonical":"https:\/\/vogliedisicilia.it\/fr\/product\/petit-seau-dolives-vertes-entieres-pour-laperitif\/","og_locale":"fr_FR","og_type":"article","og_title":"Secchiello olive verdi per aperitivo intere | Voglie di Sicilia","og_description":"Secchiello olive verdi per aperitivo denocciolate Nocellara del Belice, perfette per aperitivi e ricette mediterranee.","og_url":"https:\/\/vogliedisicilia.it\/fr\/product\/petit-seau-dolives-vertes-entieres-pour-laperitif\/","og_site_name":"Voglie di Sicilia","article_modified_time":"2026-06-16T16:50:26+00:00","og_image":[{"width":1080,"height":1080,"url":"https:\/\/vogliedisicilia.it\/wp-content\/uploads\/2026\/06\/secchiello-olive-verdi-aperitivo-intere.webp","type":"image\/webp"}],"twitter_card":"summary_large_image","twitter_misc":{"Dur\u00e9e de lecture estim\u00e9e":"1 minute"},"schema":{"@context":"https:\/\/schema.org","@graph":[{"@type":"WebPage","@id":"https:\/\/vogliedisicilia.it\/prodotto\/secchiello-olive-verdi-per-aperitivo-intere\/","url":"https:\/\/vogliedisicilia.it\/prodotto\/secchiello-olive-verdi-per-aperitivo-intere\/","name":"Seau d'olives vertes enti\u00e8res pour l'ap\u00e9ritif | Voglie di Sicilia","isPartOf":{"@id":"https:\/\/vogliedisicilia.it\/#website"},"primaryImageOfPage":{"@id":"https:\/\/vogliedisicilia.it\/prodotto\/secchiello-olive-verdi-per-aperitivo-intere\/#primaryimage"},"image":{"@id":"https:\/\/vogliedisicilia.it\/prodotto\/secchiello-olive-verdi-per-aperitivo-intere\/#primaryimage"},"thumbnailUrl":"https:\/\/vogliedisicilia.it\/wp-content\/uploads\/2026\/06\/secchiello-olive-verdi-aperitivo-intere.webp","datePublished":"2026-06-16T15:40:26+00:00","dateModified":"2026-06-16T16:50:26+00:00","description":"Petit seau d'olives vertes d\u00e9noyaut\u00e9es \u00ab Nocellara del Belice \u00bb, id\u00e9ales pour l'ap\u00e9ritif et les recettes m\u00e9diterran\u00e9ennes.","breadcrumb":{"@id":"https:\/\/vogliedisicilia.it\/prodotto\/secchiello-olive-verdi-per-aperitivo-intere\/#breadcrumb"},"inLanguage":"fr-FR","potentialAction":[{"@type":"ReadAction","target":["https:\/\/vogliedisicilia.it\/prodotto\/secchiello-olive-verdi-per-aperitivo-intere\/"]}]},{"@type":"ImageObject","inLanguage":"fr-FR","@id":"https:\/\/vogliedisicilia.it\/prodotto\/secchiello-olive-verdi-per-aperitivo-intere\/#primaryimage","url":"https:\/\/vogliedisicilia.it\/wp-content\/uploads\/2026\/06\/secchiello-olive-verdi-aperitivo-intere.webp","contentUrl":"https:\/\/vogliedisicilia.it\/wp-content\/uploads\/2026\/06\/secchiello-olive-verdi-aperitivo-intere.webp","width":1080,"height":1080},{"@type":"BreadcrumbList","@id":"https:\/\/vogliedisicilia.it\/prodotto\/secchiello-olive-verdi-per-aperitivo-intere\/#breadcrumb","itemListElement":[{"@type":"ListItem","position":1,"name":"Home","item":"https:\/\/vogliedisicilia.it\/"},{"@type":"ListItem","position":2,"name":"Shop","item":"https:\/\/vogliedisicilia.it\/shop\/"},{"@type":"ListItem","position":3,"name":"Secchiello olive verdi per aperitivo intere"}]},{"@type":"WebSite","@id":"https:\/\/vogliedisicilia.it\/#website","url":"https:\/\/vogliedisicilia.it\/","name":"V\u0153ux de Sicile","description":"Vente en ligne d'huile d'olive extra vierge et de produits typiquement siciliens","publisher":{"@id":"https:\/\/vogliedisicilia.it\/#organization"},"potentialAction":[{"@type":"SearchAction","target":{"@type":"EntryPoint","urlTemplate":"https:\/\/vogliedisicilia.it\/?s={search_term_string}"},"query-input":{"@type":"PropertyValueSpecification","valueRequired":true,"valueName":"search_term_string"}}],"inLanguage":"fr-FR"},{"@type":"Organization","@id":"https:\/\/vogliedisicilia.it\/#organization","name":"V\u0153ux de Sicile","url":"https:\/\/vogliedisicilia.it\/","logo":{"@type":"ImageObject","inLanguage":"fr-FR","@id":"https:\/\/vogliedisicilia.it\/#\/schema\/logo\/image\/","url":"https:\/\/vogliedisicilia.it\/wp-content\/uploads\/2026\/05\/yoast.png","contentUrl":"https:\/\/vogliedisicilia.it\/wp-content\/uploads\/2026\/05\/yoast.png","width":1200,"height":675,"caption":"Voglie di Sicilia"},"image":{"@id":"https:\/\/vogliedisicilia.it\/#\/schema\/logo\/image\/"}}]}},"_links":{"self":[{"href":"https:\/\/vogliedisicilia.it\/fr\/wp-json\/wp\/v2\/product\/3576","targetHints":{"allow":["GET"]}}],"collection":[{"href":"https:\/\/vogliedisicilia.it\/fr\/wp-json\/wp\/v2\/product"}],"about":[{"href":"https:\/\/vogliedisicilia.it\/fr\/wp-json\/wp\/v2\/types\/product"}],"wp:featuredmedia":[{"embeddable":true,"href":"https:\/\/vogliedisicilia.it\/fr\/wp-json\/wp\/v2\/media\/3572"}],"wp:attachment":[{"href":"https:\/\/vogliedisicilia.it\/fr\/wp-json\/wp\/v2\/media?parent=3576"}],"wp:term":[{"taxonomy":"product_brand","embeddable":true,"href":"https:\/\/vogliedisicilia.it\/fr\/wp-json\/wp\/v2\/product_brand?post=3576"},{"taxonomy":"product_cat","embeddable":true,"href":"https:\/\/vogliedisicilia.it\/fr\/wp-json\/wp\/v2\/product_cat?post=3576"},{"taxonomy":"product_tag","embeddable":true,"href":"https:\/\/vogliedisicilia.it\/fr\/wp-json\/wp\/v2\/product_tag?post=3576"}],"curies":[{"name":"wp","href":"https:\/\/api.w.org\/{rel}","templated":true}]}}

Seau d'olives vertes entières pour l'apéritif

<p><span style="font-weight: 400;">Les olives vertes entières « Voglie di Sicilia », destinées à l'apéritif, proviennent des oliveraies luxuriantes de Castelvetrano, où l'on cultive l'excellence de la </span><b>Nocellara del Belice</b><span style="font-weight: 400;">. Nous utilisons des méthodes qui préservent leur croustillant exceptionnel et qui  garantissent un produit frais au goût équilibré.</span></p>
<p><span style="font-weight: 400;">Parfaites pour accompagner des boissons, des hors-d'œuvre ou pour agrémenter des salades et des plats méditerranéens, elles constituent un classique incontournable de la tradition sicilienne.</span></p>

<p><b>Olives vertes entières de grande qualité pour l'apéritif</b><span style="font-weight: 400;">, véritables vedettes de l'apéritif, sont sélectionnées et conservées de manière à préserver toute leur fraîcheur et leur chair croquante. Elles constituent l'ingrédient indispensable des cocktails et des hors-d'œuvre d'exception.  </span></p>
<ul>
<li><span style="font-weight: 400;"> Sélection d'olives Nocellara del Belice de premier choix  </span></li>
<li><span style="font-weight: 400;"> Un goût équilibré, frais et savoureux  </span></li>
<li><span style="font-weight: 400;"> Produit par l'exploitation agricole Fratelli Milazzo de Castelvetrano, distribué par Voglie di Sicilia</span></li>
</ul>

<!-- This site is optimized with the Yoast SEO plugin v28.4 - https://yoast.com/product/yoast-seo-wordpress/ -->
<title>Secchiello olive verdi per aperitivo intere | Voglie di Sicilia</title>
<meta name="description" content="Secchiello olive verdi per aperitivo denocciolate Nocellara del Belice, perfette per aperitivi e ricette mediterranee." />
<meta name="robots" content="index, follow, max-snippet:-1, max-image-preview:large, max-video-preview:-1" />
<link rel="canonical" href="https://vogliedisicilia.it/fr/product/petit-seau-dolives-vertes-entieres-pour-laperitif/" />
<meta property="og:locale" content="fr_FR" />
<meta property="og:type" content="article" />
<meta property="og:title" content="Secchiello olive verdi per aperitivo intere | Voglie di Sicilia" />
<meta property="og:description" content="Secchiello olive verdi per aperitivo denocciolate Nocellara del Belice, perfette per aperitivi e ricette mediterranee." />
<meta property="og:url" content="https://vogliedisicilia.it/fr/product/petit-seau-dolives-vertes-entieres-pour-laperitif/" />
<meta property="og:site_name" content="Voglie di Sicilia" />
<meta property="article:modified_time" content="2026-06-16T16:50:26+00:00" />
<meta property="og:image" content="https://vogliedisicilia.it/wp-content/uploads/2026/06/secchiello-olive-verdi-aperitivo-intere.webp" />
	<meta property="og:image:width" content="1080" />
	<meta property="og:image:height" content="1080" />
	<meta property="og:image:type" content="image/webp" />
<meta name="twitter:card" content="summary_large_image" />
<meta name="twitter:label1" content="Durée de lecture estimée" />
	<meta name="twitter:data1" content="1 minute" />
<script type="application/ld+json" class="yoast-schema-graph">{"@context":"https:\/\/schema.org","@graph":[{"@type":"WebPage","@id":"https:\/\/vogliedisicilia.it\/prodotto\/secchiello-olive-verdi-per-aperitivo-intere\/","url":"https:\/\/vogliedisicilia.it\/prodotto\/secchiello-olive-verdi-per-aperitivo-intere\/","name":"Secchiello olive verdi per aperitivo intere | Voglie di Sicilia","isPartOf":{"@id":"https:\/\/vogliedisicilia.it\/#website"},"primaryImageOfPage":{"@id":"https:\/\/vogliedisicilia.it\/prodotto\/secchiello-olive-verdi-per-aperitivo-intere\/#primaryimage"},"image":{"@id":"https:\/\/vogliedisicilia.it\/prodotto\/secchiello-olive-verdi-per-aperitivo-intere\/#primaryimage"},"thumbnailUrl":"https:\/\/vogliedisicilia.it\/wp-content\/uploads\/2026\/06\/secchiello-olive-verdi-aperitivo-intere.webp","datePublished":"2026-06-16T15:40:26+00:00","dateModified":"2026-06-16T16:50:26+00:00","description":"Secchiello olive verdi per aperitivo denocciolate Nocellara del Belice, perfette per aperitivi e ricette mediterranee.","breadcrumb":{"@id":"https:\/\/vogliedisicilia.it\/prodotto\/secchiello-olive-verdi-per-aperitivo-intere\/#breadcrumb"},"inLanguage":"fr-FR","potentialAction":[{"@type":"ReadAction","target":["https:\/\/vogliedisicilia.it\/prodotto\/secchiello-olive-verdi-per-aperitivo-intere\/"]}]},{"@type":"ImageObject","inLanguage":"fr-FR","@id":"https:\/\/vogliedisicilia.it\/prodotto\/secchiello-olive-verdi-per-aperitivo-intere\/#primaryimage","url":"https:\/\/vogliedisicilia.it\/wp-content\/uploads\/2026\/06\/secchiello-olive-verdi-aperitivo-intere.webp","contentUrl":"https:\/\/vogliedisicilia.it\/wp-content\/uploads\/2026\/06\/secchiello-olive-verdi-aperitivo-intere.webp","width":1080,"height":1080},{"@type":"BreadcrumbList","@id":"https:\/\/vogliedisicilia.it\/prodotto\/secchiello-olive-verdi-per-aperitivo-intere\/#breadcrumb","itemListElement":[{"@type":"ListItem","position":1,"name":"Home","item":"https:\/\/vogliedisicilia.it\/"},{"@type":"ListItem","position":2,"name":"Shop","item":"https:\/\/vogliedisicilia.it\/shop\/"},{"@type":"ListItem","position":3,"name":"Secchiello olive verdi per aperitivo intere"}]},{"@type":"WebSite","@id":"https:\/\/vogliedisicilia.it\/#website","url":"https:\/\/vogliedisicilia.it\/","name":"Voglie di Sicilia","description":"Vendita Online Olio Extra Vergine Oliva e Prodotti Tipici Siciliani","publisher":{"@id":"https:\/\/vogliedisicilia.it\/#organization"},"potentialAction":[{"@type":"SearchAction","target":{"@type":"EntryPoint","urlTemplate":"https:\/\/vogliedisicilia.it\/?s={search_term_string}"},"query-input":{"@type":"PropertyValueSpecification","valueRequired":true,"valueName":"search_term_string"}}],"inLanguage":"fr-FR"},{"@type":"Organization","@id":"https:\/\/vogliedisicilia.it\/#organization","name":"Voglie di Sicilia","url":"https:\/\/vogliedisicilia.it\/","logo":{"@type":"ImageObject","inLanguage":"fr-FR","@id":"https:\/\/vogliedisicilia.it\/#\/schema\/logo\/image\/","url":"https:\/\/vogliedisicilia.it\/wp-content\/uploads\/2026\/05\/yoast.png","contentUrl":"https:\/\/vogliedisicilia.it\/wp-content\/uploads\/2026\/05\/yoast.png","width":1200,"height":675,"caption":"Voglie di Sicilia"},"image":{"@id":"https:\/\/vogliedisicilia.it\/#\/schema\/logo\/image\/"}}]}</script>
<!-- / Yoast SEO plugin. -->

Seau d'olives vertes entières pour l'apéritif | Voglie di Sicilia

Petit seau d'olives vertes dénoyautées « Nocellara del Belice », idéales pour l'apéritif et les recettes méditerranéennes.

Vœux de Sicile
