{"id":3039,"date":"2026-05-24T18:44:28","date_gmt":"2026-05-24T16:44:28","guid":{"rendered":"https:\/\/vogliedisicilia.it\/?post_type=product&#038;p=3039"},"modified":"2026-06-16T18:50:17","modified_gmt":"2026-06-16T16:50:17","slug":"pastakrydda-med-sardiner","status":"publish","type":"product","link":"https:\/\/vogliedisicilia.it\/sv\/prodotto\/condimento-per-pasta-con-la-sarde\/","title":{"rendered":"Kryddor till pasta med sardiner"},"content":{"rendered":"<p><span style=\"font-weight: 400;\">Traditionen med pasta med sardiner v\u00e4cks till liv i s\u00e5sen fr\u00e5n Voglie di Sicilia, som f\u00f6renar smaker fr\u00e5n havet och land i en perfekt balans. Den intensiva doften av vild f\u00e4nk\u00e5l sm\u00e4lter samman med s\u00f6tman fr\u00e5n russin och knaprigheten fr\u00e5n pinjen\u00f6tter. De f\u00e4rska sardinerna, som \u00e4r produktens huvudingrediens, framh\u00e4ver  r\u00e4ttens havssmak.\u00a0\u00a0<\/span><\/p>\n<p><span style=\"font-weight: 400;\">Perfekt till dina r\u00e4tter med l\u00e5ng pasta eller som bas f\u00f6r f\u00f6rr\u00e4tter och grat\u00e4nger \u2013 den f\u00f6r Sicilien direkt till ditt bord.<\/span><\/p>","protected":false},"excerpt":{"rendered":"<p><span style=\"font-weight: 400;\">Il nostro <\/span><b>condimento per pasta con le sarde \u00e8 una ricetta\u00a0 tradizionale siciliana <\/b><span style=\"font-weight: 400;\">a base di sarde fresche, finocchietto selvatico,\u00a0 pinoli, uvetta e cipolla, condita con olio extravergine di oliva Nocella del Belice. Questo mix equilibrato di sapori intensi e aromatici \u00e8 perfetto per pasta lunga\u00a0 come spaghetti o bucatini, ma anche per arricchire crostini o preparazioni di\u00a0 pesce.\u00a0\u00a0<\/span><\/p>\n<ul>\n<li><b> <\/b><span style=\"font-weight: 400;\">Sarde fresche siciliane di qualit\u00e0\u00a0\u00a0<\/span><\/li>\n<li><b> <\/b><span style=\"font-weight: 400;\">Finocchietto selvatico aromatico\u00a0\u00a0<\/span><\/li>\n<li><b> <\/b><span style=\"font-weight: 400;\">Olio extravergine di oliva Nocella del Belice\u00a0\u00a0<\/span><\/li>\n<li><b> <\/b><span style=\"font-weight: 400;\">Ricetta tradizionale sicilia\u00a0\u00a0<\/span><\/li>\n<li><span style=\"font-weight: 400;\"> Prodotto in Italia, nel cuore della Sicilia\u00a0\u00a0<\/span><\/li>\n<li><span style=\"font-weight: 400;\"> Confezione da [indicare peso] <\/span><\/li>\n<\/ul>\n","protected":false},"featured_media":3454,"template":"","meta":[],"product_brand":[],"product_cat":[59],"product_tag":[],"class_list":{"0":"post-3039","1":"product","2":"type-product","3":"status-publish","4":"has-post-thumbnail","6":"product_cat-condimenti-e-sughi","8":"first","9":"instock","10":"shipping-taxable","11":"purchasable","12":"product-type-simple"},"yoast_head":"<!-- This site is optimized with the Yoast SEO plugin v28.4 - https:\/\/yoast.com\/product\/yoast-seo-wordpress\/ -->\n<title>Condimento per pasta con le sarde siciliana | Voglie di Sicilia<\/title>\n<meta name=\"description\" content=\"Prova il condimento per pasta con le sarde, perfetto per spaghetti, bucatini e per realizzare piatti tipici siciliani dal gusto unico.\" \/>\n<meta name=\"robots\" content=\"index, follow, max-snippet:-1, max-image-preview:large, max-video-preview:-1\" \/>\n<link rel=\"canonical\" href=\"https:\/\/vogliedisicilia.it\/sv\/product\/pastakrydda-med-sardiner\/\" \/>\n<meta property=\"og:locale\" content=\"sv_SE\" \/>\n<meta property=\"og:type\" content=\"article\" \/>\n<meta property=\"og:title\" content=\"Condimento per pasta con le sarde siciliana | Voglie di Sicilia\" \/>\n<meta property=\"og:description\" content=\"Prova il condimento per pasta con le sarde, perfetto per spaghetti, bucatini e per realizzare piatti tipici siciliani dal gusto unico.\" \/>\n<meta property=\"og:url\" content=\"https:\/\/vogliedisicilia.it\/sv\/product\/pastakrydda-med-sardiner\/\" \/>\n<meta property=\"og:site_name\" content=\"Voglie di Sicilia\" \/>\n<meta property=\"article:modified_time\" content=\"2026-06-16T16:50:17+00:00\" \/>\n<meta property=\"og:image\" content=\"https:\/\/vogliedisicilia.it\/wp-content\/uploads\/2026\/05\/condimento-sarde.webp\" \/>\n\t<meta property=\"og:image:width\" content=\"1080\" \/>\n\t<meta property=\"og:image:height\" content=\"1080\" \/>\n\t<meta property=\"og:image:type\" content=\"image\/webp\" \/>\n<meta name=\"twitter:card\" content=\"summary_large_image\" \/>\n<meta name=\"twitter:label1\" content=\"Ber\u00e4knad l\u00e4stid\" \/>\n\t<meta name=\"twitter:data1\" content=\"1 minut\" \/>\n<script type=\"application\/ld+json\" class=\"yoast-schema-graph\">{\"@context\":\"https:\\\/\\\/schema.org\",\"@graph\":[{\"@type\":\"WebPage\",\"@id\":\"https:\\\/\\\/vogliedisicilia.it\\\/prodotto\\\/condimento-per-pasta-con-la-sarde\\\/\",\"url\":\"https:\\\/\\\/vogliedisicilia.it\\\/prodotto\\\/condimento-per-pasta-con-la-sarde\\\/\",\"name\":\"Condimento per pasta con le sarde siciliana | Voglie di Sicilia\",\"isPartOf\":{\"@id\":\"https:\\\/\\\/vogliedisicilia.it\\\/#website\"},\"primaryImageOfPage\":{\"@id\":\"https:\\\/\\\/vogliedisicilia.it\\\/prodotto\\\/condimento-per-pasta-con-la-sarde\\\/#primaryimage\"},\"image\":{\"@id\":\"https:\\\/\\\/vogliedisicilia.it\\\/prodotto\\\/condimento-per-pasta-con-la-sarde\\\/#primaryimage\"},\"thumbnailUrl\":\"https:\\\/\\\/vogliedisicilia.it\\\/wp-content\\\/uploads\\\/2026\\\/05\\\/condimento-sarde.webp\",\"datePublished\":\"2026-05-24T16:44:28+00:00\",\"dateModified\":\"2026-06-16T16:50:17+00:00\",\"description\":\"Prova il condimento per pasta con le sarde, perfetto per spaghetti, bucatini e per realizzare piatti tipici siciliani dal gusto unico.\",\"breadcrumb\":{\"@id\":\"https:\\\/\\\/vogliedisicilia.it\\\/prodotto\\\/condimento-per-pasta-con-la-sarde\\\/#breadcrumb\"},\"inLanguage\":\"sv-SE\",\"potentialAction\":[{\"@type\":\"ReadAction\",\"target\":[\"https:\\\/\\\/vogliedisicilia.it\\\/prodotto\\\/condimento-per-pasta-con-la-sarde\\\/\"]}]},{\"@type\":\"ImageObject\",\"inLanguage\":\"sv-SE\",\"@id\":\"https:\\\/\\\/vogliedisicilia.it\\\/prodotto\\\/condimento-per-pasta-con-la-sarde\\\/#primaryimage\",\"url\":\"https:\\\/\\\/vogliedisicilia.it\\\/wp-content\\\/uploads\\\/2026\\\/05\\\/condimento-sarde.webp\",\"contentUrl\":\"https:\\\/\\\/vogliedisicilia.it\\\/wp-content\\\/uploads\\\/2026\\\/05\\\/condimento-sarde.webp\",\"width\":1080,\"height\":1080},{\"@type\":\"BreadcrumbList\",\"@id\":\"https:\\\/\\\/vogliedisicilia.it\\\/prodotto\\\/condimento-per-pasta-con-la-sarde\\\/#breadcrumb\",\"itemListElement\":[{\"@type\":\"ListItem\",\"position\":1,\"name\":\"Home\",\"item\":\"https:\\\/\\\/vogliedisicilia.it\\\/\"},{\"@type\":\"ListItem\",\"position\":2,\"name\":\"Shop\",\"item\":\"https:\\\/\\\/vogliedisicilia.it\\\/shop\\\/\"},{\"@type\":\"ListItem\",\"position\":3,\"name\":\"Condimento per pasta con le sarde\"}]},{\"@type\":\"WebSite\",\"@id\":\"https:\\\/\\\/vogliedisicilia.it\\\/#website\",\"url\":\"https:\\\/\\\/vogliedisicilia.it\\\/\",\"name\":\"Voglie di Sicilia\",\"description\":\"Vendita Online Olio Extra Vergine Oliva e Prodotti Tipici Siciliani\",\"publisher\":{\"@id\":\"https:\\\/\\\/vogliedisicilia.it\\\/#organization\"},\"potentialAction\":[{\"@type\":\"SearchAction\",\"target\":{\"@type\":\"EntryPoint\",\"urlTemplate\":\"https:\\\/\\\/vogliedisicilia.it\\\/?s={search_term_string}\"},\"query-input\":{\"@type\":\"PropertyValueSpecification\",\"valueRequired\":true,\"valueName\":\"search_term_string\"}}],\"inLanguage\":\"sv-SE\"},{\"@type\":\"Organization\",\"@id\":\"https:\\\/\\\/vogliedisicilia.it\\\/#organization\",\"name\":\"Voglie di Sicilia\",\"url\":\"https:\\\/\\\/vogliedisicilia.it\\\/\",\"logo\":{\"@type\":\"ImageObject\",\"inLanguage\":\"sv-SE\",\"@id\":\"https:\\\/\\\/vogliedisicilia.it\\\/#\\\/schema\\\/logo\\\/image\\\/\",\"url\":\"https:\\\/\\\/vogliedisicilia.it\\\/wp-content\\\/uploads\\\/2026\\\/05\\\/yoast.png\",\"contentUrl\":\"https:\\\/\\\/vogliedisicilia.it\\\/wp-content\\\/uploads\\\/2026\\\/05\\\/yoast.png\",\"width\":1200,\"height\":675,\"caption\":\"Voglie di Sicilia\"},\"image\":{\"@id\":\"https:\\\/\\\/vogliedisicilia.it\\\/#\\\/schema\\\/logo\\\/image\\\/\"}}]}<\/script>\n<!-- \/ Yoast SEO plugin. -->","yoast_head_json":{"title":"Pastas\u00e5s med sardiner fr\u00e5n Sicilien | Voglie di Sicilia","description":"Prova pastas\u00e5sen med sardiner \u2013 perfekt till spaghetti, bucatini och f\u00f6r att laga typiska sicilianska r\u00e4tter med en unik smak.","robots":{"index":"index","follow":"follow","max-snippet":"max-snippet:-1","max-image-preview":"max-image-preview:large","max-video-preview":"max-video-preview:-1"},"canonical":"https:\/\/vogliedisicilia.it\/sv\/product\/pastakrydda-med-sardiner\/","og_locale":"sv_SE","og_type":"article","og_title":"Condimento per pasta con le sarde siciliana | Voglie di Sicilia","og_description":"Prova il condimento per pasta con le sarde, perfetto per spaghetti, bucatini e per realizzare piatti tipici siciliani dal gusto unico.","og_url":"https:\/\/vogliedisicilia.it\/sv\/product\/pastakrydda-med-sardiner\/","og_site_name":"Voglie di Sicilia","article_modified_time":"2026-06-16T16:50:17+00:00","og_image":[{"width":1080,"height":1080,"url":"https:\/\/vogliedisicilia.it\/wp-content\/uploads\/2026\/05\/condimento-sarde.webp","type":"image\/webp"}],"twitter_card":"summary_large_image","twitter_misc":{"Ber\u00e4knad l\u00e4stid":"1 minut"},"schema":{"@context":"https:\/\/schema.org","@graph":[{"@type":"WebPage","@id":"https:\/\/vogliedisicilia.it\/prodotto\/condimento-per-pasta-con-la-sarde\/","url":"https:\/\/vogliedisicilia.it\/prodotto\/condimento-per-pasta-con-la-sarde\/","name":"Pastas\u00e5s med sardiner fr\u00e5n Sicilien | Voglie di Sicilia","isPartOf":{"@id":"https:\/\/vogliedisicilia.it\/#website"},"primaryImageOfPage":{"@id":"https:\/\/vogliedisicilia.it\/prodotto\/condimento-per-pasta-con-la-sarde\/#primaryimage"},"image":{"@id":"https:\/\/vogliedisicilia.it\/prodotto\/condimento-per-pasta-con-la-sarde\/#primaryimage"},"thumbnailUrl":"https:\/\/vogliedisicilia.it\/wp-content\/uploads\/2026\/05\/condimento-sarde.webp","datePublished":"2026-05-24T16:44:28+00:00","dateModified":"2026-06-16T16:50:17+00:00","description":"Prova pastas\u00e5sen med sardiner \u2013 perfekt till spaghetti, bucatini och f\u00f6r att laga typiska sicilianska r\u00e4tter med en unik smak.","breadcrumb":{"@id":"https:\/\/vogliedisicilia.it\/prodotto\/condimento-per-pasta-con-la-sarde\/#breadcrumb"},"inLanguage":"sv-SE","potentialAction":[{"@type":"ReadAction","target":["https:\/\/vogliedisicilia.it\/prodotto\/condimento-per-pasta-con-la-sarde\/"]}]},{"@type":"ImageObject","inLanguage":"sv-SE","@id":"https:\/\/vogliedisicilia.it\/prodotto\/condimento-per-pasta-con-la-sarde\/#primaryimage","url":"https:\/\/vogliedisicilia.it\/wp-content\/uploads\/2026\/05\/condimento-sarde.webp","contentUrl":"https:\/\/vogliedisicilia.it\/wp-content\/uploads\/2026\/05\/condimento-sarde.webp","width":1080,"height":1080},{"@type":"BreadcrumbList","@id":"https:\/\/vogliedisicilia.it\/prodotto\/condimento-per-pasta-con-la-sarde\/#breadcrumb","itemListElement":[{"@type":"ListItem","position":1,"name":"Home","item":"https:\/\/vogliedisicilia.it\/"},{"@type":"ListItem","position":2,"name":"Shop","item":"https:\/\/vogliedisicilia.it\/shop\/"},{"@type":"ListItem","position":3,"name":"Condimento per pasta con le sarde"}]},{"@type":"WebSite","@id":"https:\/\/vogliedisicilia.it\/#website","url":"https:\/\/vogliedisicilia.it\/","name":"\u00d6nskningar fr\u00e5n Sicilien","description":"Onlinef\u00f6rs\u00e4ljning av extra jungfruolivolja och typiska sicilianska produkter","publisher":{"@id":"https:\/\/vogliedisicilia.it\/#organization"},"potentialAction":[{"@type":"SearchAction","target":{"@type":"EntryPoint","urlTemplate":"https:\/\/vogliedisicilia.it\/?s={search_term_string}"},"query-input":{"@type":"PropertyValueSpecification","valueRequired":true,"valueName":"search_term_string"}}],"inLanguage":"sv-SE"},{"@type":"Organization","@id":"https:\/\/vogliedisicilia.it\/#organization","name":"\u00d6nskningar fr\u00e5n Sicilien","url":"https:\/\/vogliedisicilia.it\/","logo":{"@type":"ImageObject","inLanguage":"sv-SE","@id":"https:\/\/vogliedisicilia.it\/#\/schema\/logo\/image\/","url":"https:\/\/vogliedisicilia.it\/wp-content\/uploads\/2026\/05\/yoast.png","contentUrl":"https:\/\/vogliedisicilia.it\/wp-content\/uploads\/2026\/05\/yoast.png","width":1200,"height":675,"caption":"Voglie di Sicilia"},"image":{"@id":"https:\/\/vogliedisicilia.it\/#\/schema\/logo\/image\/"}}]}},"_links":{"self":[{"href":"https:\/\/vogliedisicilia.it\/sv\/wp-json\/wp\/v2\/product\/3039","targetHints":{"allow":["GET"]}}],"collection":[{"href":"https:\/\/vogliedisicilia.it\/sv\/wp-json\/wp\/v2\/product"}],"about":[{"href":"https:\/\/vogliedisicilia.it\/sv\/wp-json\/wp\/v2\/types\/product"}],"wp:featuredmedia":[{"embeddable":true,"href":"https:\/\/vogliedisicilia.it\/sv\/wp-json\/wp\/v2\/media\/3454"}],"wp:attachment":[{"href":"https:\/\/vogliedisicilia.it\/sv\/wp-json\/wp\/v2\/media?parent=3039"}],"wp:term":[{"taxonomy":"product_brand","embeddable":true,"href":"https:\/\/vogliedisicilia.it\/sv\/wp-json\/wp\/v2\/product_brand?post=3039"},{"taxonomy":"product_cat","embeddable":true,"href":"https:\/\/vogliedisicilia.it\/sv\/wp-json\/wp\/v2\/product_cat?post=3039"},{"taxonomy":"product_tag","embeddable":true,"href":"https:\/\/vogliedisicilia.it\/sv\/wp-json\/wp\/v2\/product_tag?post=3039"}],"curies":[{"name":"wp","href":"https:\/\/api.w.org\/{rel}","templated":true}]}}

<p><span style="font-weight: 400;">Traditionen med pasta med sardiner väcks till liv i såsen från Voglie di Sicilia, som förenar smaker från havet och land i en perfekt balans. Den intensiva doften av vild fänkål smälter samman med sötman från russin och knaprigheten från pinjenötter. De färska sardinerna, som är produktens huvudingrediens, framhäver  rättens havssmak.  </span></p>
<p><span style="font-weight: 400;">Perfekt till dina rätter med lång pasta eller som bas för förrätter och gratänger – den för Sicilien direkt till ditt bord.</span></p>

<p><span style="font-weight: 400;">Il nostro </span><b>condimento per pasta con le sarde è una ricetta  tradizionale siciliana </b><span style="font-weight: 400;">a base di sarde fresche, finocchietto selvatico,  pinoli, uvetta e cipolla, condita con olio extravergine di oliva Nocella del Belice. Questo mix equilibrato di sapori intensi e aromatici è perfetto per pasta lunga  come spaghetti o bucatini, ma anche per arricchire crostini o preparazioni di  pesce.  </span></p>
<ul>
<li><b> </b><span style="font-weight: 400;">Sarde fresche siciliane di qualità  </span></li>
<li><b> </b><span style="font-weight: 400;">Finocchietto selvatico aromatico  </span></li>
<li><b> </b><span style="font-weight: 400;">Olio extravergine di oliva Nocella del Belice  </span></li>
<li><b> </b><span style="font-weight: 400;">Ricetta tradizionale sicilia  </span></li>
<li><span style="font-weight: 400;"> Prodotto in Italia, nel cuore della Sicilia  </span></li>
<li><span style="font-weight: 400;"> Confezione da [indicare peso] </span></li>
</ul>

<!-- This site is optimized with the Yoast SEO plugin v28.4 - https://yoast.com/product/yoast-seo-wordpress/ -->
<title>Condimento per pasta con le sarde siciliana | Voglie di Sicilia</title>
<meta name="description" content="Prova il condimento per pasta con le sarde, perfetto per spaghetti, bucatini e per realizzare piatti tipici siciliani dal gusto unico." />
<meta name="robots" content="index, follow, max-snippet:-1, max-image-preview:large, max-video-preview:-1" />
<link rel="canonical" href="https://vogliedisicilia.it/sv/product/pastakrydda-med-sardiner/" />
<meta property="og:locale" content="sv_SE" />
<meta property="og:type" content="article" />
<meta property="og:title" content="Condimento per pasta con le sarde siciliana | Voglie di Sicilia" />
<meta property="og:description" content="Prova il condimento per pasta con le sarde, perfetto per spaghetti, bucatini e per realizzare piatti tipici siciliani dal gusto unico." />
<meta property="og:url" content="https://vogliedisicilia.it/sv/product/pastakrydda-med-sardiner/" />
<meta property="og:site_name" content="Voglie di Sicilia" />
<meta property="article:modified_time" content="2026-06-16T16:50:17+00:00" />
<meta property="og:image" content="https://vogliedisicilia.it/wp-content/uploads/2026/05/condimento-sarde.webp" />
	<meta property="og:image:width" content="1080" />
	<meta property="og:image:height" content="1080" />
	<meta property="og:image:type" content="image/webp" />
<meta name="twitter:card" content="summary_large_image" />
<meta name="twitter:label1" content="Beräknad lästid" />
	<meta name="twitter:data1" content="1 minut" />
<script type="application/ld+json" class="yoast-schema-graph">{"@context":"https:\/\/schema.org","@graph":[{"@type":"WebPage","@id":"https:\/\/vogliedisicilia.it\/prodotto\/condimento-per-pasta-con-la-sarde\/","url":"https:\/\/vogliedisicilia.it\/prodotto\/condimento-per-pasta-con-la-sarde\/","name":"Condimento per pasta con le sarde siciliana | Voglie di Sicilia","isPartOf":{"@id":"https:\/\/vogliedisicilia.it\/#website"},"primaryImageOfPage":{"@id":"https:\/\/vogliedisicilia.it\/prodotto\/condimento-per-pasta-con-la-sarde\/#primaryimage"},"image":{"@id":"https:\/\/vogliedisicilia.it\/prodotto\/condimento-per-pasta-con-la-sarde\/#primaryimage"},"thumbnailUrl":"https:\/\/vogliedisicilia.it\/wp-content\/uploads\/2026\/05\/condimento-sarde.webp","datePublished":"2026-05-24T16:44:28+00:00","dateModified":"2026-06-16T16:50:17+00:00","description":"Prova il condimento per pasta con le sarde, perfetto per spaghetti, bucatini e per realizzare piatti tipici siciliani dal gusto unico.","breadcrumb":{"@id":"https:\/\/vogliedisicilia.it\/prodotto\/condimento-per-pasta-con-la-sarde\/#breadcrumb"},"inLanguage":"sv-SE","potentialAction":[{"@type":"ReadAction","target":["https:\/\/vogliedisicilia.it\/prodotto\/condimento-per-pasta-con-la-sarde\/"]}]},{"@type":"ImageObject","inLanguage":"sv-SE","@id":"https:\/\/vogliedisicilia.it\/prodotto\/condimento-per-pasta-con-la-sarde\/#primaryimage","url":"https:\/\/vogliedisicilia.it\/wp-content\/uploads\/2026\/05\/condimento-sarde.webp","contentUrl":"https:\/\/vogliedisicilia.it\/wp-content\/uploads\/2026\/05\/condimento-sarde.webp","width":1080,"height":1080},{"@type":"BreadcrumbList","@id":"https:\/\/vogliedisicilia.it\/prodotto\/condimento-per-pasta-con-la-sarde\/#breadcrumb","itemListElement":[{"@type":"ListItem","position":1,"name":"Home","item":"https:\/\/vogliedisicilia.it\/"},{"@type":"ListItem","position":2,"name":"Shop","item":"https:\/\/vogliedisicilia.it\/shop\/"},{"@type":"ListItem","position":3,"name":"Condimento per pasta con le sarde"}]},{"@type":"WebSite","@id":"https:\/\/vogliedisicilia.it\/#website","url":"https:\/\/vogliedisicilia.it\/","name":"Voglie di Sicilia","description":"Vendita Online Olio Extra Vergine Oliva e Prodotti Tipici Siciliani","publisher":{"@id":"https:\/\/vogliedisicilia.it\/#organization"},"potentialAction":[{"@type":"SearchAction","target":{"@type":"EntryPoint","urlTemplate":"https:\/\/vogliedisicilia.it\/?s={search_term_string}"},"query-input":{"@type":"PropertyValueSpecification","valueRequired":true,"valueName":"search_term_string"}}],"inLanguage":"sv-SE"},{"@type":"Organization","@id":"https:\/\/vogliedisicilia.it\/#organization","name":"Voglie di Sicilia","url":"https:\/\/vogliedisicilia.it\/","logo":{"@type":"ImageObject","inLanguage":"sv-SE","@id":"https:\/\/vogliedisicilia.it\/#\/schema\/logo\/image\/","url":"https:\/\/vogliedisicilia.it\/wp-content\/uploads\/2026\/05\/yoast.png","contentUrl":"https:\/\/vogliedisicilia.it\/wp-content\/uploads\/2026\/05\/yoast.png","width":1200,"height":675,"caption":"Voglie di Sicilia"},"image":{"@id":"https:\/\/vogliedisicilia.it\/#\/schema\/logo\/image\/"}}]}</script>
<!-- / Yoast SEO plugin. -->

Pastasås med sardiner från Sicilien | Voglie di Sicilia

Prova pastasåsen med sardiner – perfekt till spaghetti, bucatini och för att laga typiska sicilianska rätter med en unik smak.

Önskningar från Sicilien

Onlineförsäljning av extra jungfruolivolja och typiska sicilianska produkter
